{"id":2099,"date":"2025-03-27T08:02:15","date_gmt":"2025-03-27T07:02:15","guid":{"rendered":"https:\/\/www.ffw-volkertshausen.de\/?page_id=2099"},"modified":"2026-01-09T09:35:17","modified_gmt":"2026-01-09T08:35:17","slug":"2025-2","status":"publish","type":"page","link":"https:\/\/www.ffw-volkertshausen.de\/?page_id=2099","title":{"rendered":"2025"},"content":{"rendered":"\n<table style=\"width: 99.6753%; height: 480px;\" width=\"386\">\n<tbody>\n<tr style=\"height: 24px;\">\n<td style=\"height: 10px; width: 1068.57px;\"><strong>Nr. 01 &#8211; 10.02.2025 &#8211; 19:24 Uhr &#8211; G1 \u00d6lspur &#8211; Kastanienweg<\/strong><\/td>\n<\/tr>\n<tr style=\"height: 20px;\">\n<td style=\"width: 1068.57px; height: 10px;\"><strong>Nr. 02 &#8211; 24.03.2025 &#8211; 19:20 Uhr &#8211; B3 Kaminbrand &#8211; Lindenweg<\/strong><\/td>\n<\/tr>\n<tr style=\"height: 20px;\">\n<td style=\"width: 1068.57px; height: 20px;\"><strong>Nr. 03 &#8211; 12.04.2025 &#8211; 14:29 Uhr &#8211; B2 Schuppen &#8211; \u00dcberlandhilfe Aach<\/strong><\/td>\n<\/tr>\n<tr style=\"height: 20px;\">\n<td style=\"width: 1068.57px; height: 20px;\"><strong>Nr. 04 &#8211; 12.04.2025 &#8211; 14:57 Uhr &#8211; B1 Lagerfeuer au\u00dfer Kontrolle &#8211; \u00dcberlandhilfe Aach<\/strong><\/td>\n<\/tr>\n<tr style=\"height: 20px;\">\n<td style=\"width: 1068.57px; height: 20px;\"><strong>Nr. 05 &#8211; 19.04.2025 &#8211; 00:22 Uhr &#8211; H1 T\u00fcrnot\u00f6ffnung &#8211; Am Reuteberg<\/strong><\/td>\n<\/tr>\n<tr style=\"height: 20px;\">\n<td style=\"width: 1068.57px; height: 20px;\"><strong>Nr. 06 &#8211; 04.06.2025 &#8211; 01:34 Uhr &#8211; H1 T\u00fcrnot\u00f6ffnung &#8211; Hauptstra\u00dfe<\/strong><\/td>\n<\/tr>\n<tr style=\"height: 20px;\">\n<td style=\"width: 1068.57px; height: 20px;\"><strong>Nr. 07 &#8211; 08.06.2025 &#8211; 18:13 Uhr &#8211; H0 Storchennest auf Freileitung &#8211; Gartenstra\u00dfe<br><\/strong><\/td>\n<\/tr>\n<tr style=\"height: 20px;\">\n<td style=\"width: 1068.57px; height: 20px;\"><strong>Nr. 08 &#8211; 15.06.2025 &#8211; 00:47 Uhr &#8211; BMA1 Haushaltsrauchmelder &#8211; Friedenstra\u00dfe<\/strong><\/td>\n<\/tr>\n<tr style=\"height: 20px;\">\n<td style=\"width: 1068.57px; height: 20px;\"><strong>Nr. 09 &#8211; 13.07.2025 &#8211; 11:32 Uhr &#8211; H1 Tierrettung &#8211; Hegaustra\u00dfe<\/strong><\/td>\n<\/tr>\n<tr style=\"height: 20px;\">\n<td style=\"width: 1068.57px; height: 20px;\"><strong>Nr. 10 &#8211; 13.07.2025 &#8211; 22:23 Uhr &#8211; G0 Erkundung nach Verkehrsunfall &#8211; M\u00fchlhauser Stra\u00dfe<\/strong><\/td>\n<\/tr>\n<tr style=\"height: 20px;\">\n<td style=\"width: 1068.57px; height: 20px;\"><strong>Nr. 11 &#8211; 30.07.2025 &#8211; 08:44 Uhr &#8211; G1 Auslaufende Betriebsstoffe nach PKW Unfall &#8211; L189 Volkertshausen -&gt; Beuren<\/strong><\/td>\n<\/tr>\n<tr style=\"height: 20px;\">\n<td style=\"width: 1068.57px; height: 20px;\"><strong>Nr. 12 &#8211; 31.07.2025 &#8211; 16:42 Uhr &#8211; BMA2 Personenschutz &#8211; \u00dcberlandhilfe Aach<\/strong><\/td>\n<\/tr>\n<tr style=\"height: 20px;\">\n<td style=\"width: 1068.57px; height: 20px;\"><strong>Nr. 13 &#8211; 05.08.2025 &#8211; 13:04 Uhr &#8211; B2 unklare Rauchentwicklung au\u00dferorts &#8211; \u00dcberlandhilfe Aach<\/strong><\/td>\n<\/tr>\n<tr style=\"height: 20px;\">\n<td style=\"width: 1068.57px; height: 20px;\"><strong>Nr. 14 &#8211; 07.08.2025 &#8211; 17:12 Uhr &#8211; B3 Rauch aus Geb\u00e4ude &#8211; Hauptstra\u00dfe<\/strong><\/td>\n<\/tr>\n<tr style=\"height: 20px;\">\n<td style=\"width: 1068.57px; height: 20px;\"><strong>Nr. 15 &#8211; 18.08.2025 &#8211; 09:30 Uhr &#8211; H1 T\u00fcrnot\u00f6ffnung &#8211; Haupstra\u00dfe<\/strong><\/td>\n<\/tr>\n<tr style=\"height: 20px;\">\n<td style=\"width: 1068.57px; height: 20px;\"><strong>Nr. 16 &#8211; 21.08.2025 &#8211; 17:28 Uhr &#8211; Unwetter 3 &#8211; \u00dcberlandhilfe Moos<\/strong><\/td>\n<\/tr>\n<tr style=\"height: 20px;\">\n<td style=\"width: 1068.57px; height: 20px;\"><strong>Nr. 17 &#8211; 22.08.2025 &#8211; 16:06 Uhr &#8211; H2 Person unter Anh\u00e4nger<\/strong><\/td>\n<\/tr>\n<tr style=\"height: 20px;\">\n<td style=\"width: 1068.57px; height: 20px;\"><strong>Nr. 18 &#8211; 12.09.2025 &#8211; 06:58 Uhr &#8211; BMA1 Haushaltsrauchmelder &#8211; Friedenstra\u00dfe<\/strong><\/td>\n<\/tr>\n<tr style=\"height: 20px;\">\n<td style=\"width: 1068.57px; height: 20px;\"><strong>Nr. 19 &#8211; 20.09.2025 &#8211; 05:19 Uhr &#8211; URD2 (Unterst\u00fctzung Rettungsdienst) Personenrettung &#8211; Im Bind<\/strong><\/td>\n<\/tr>\n<tr style=\"height: 20px;\">\n<td style=\"width: 1068.57px; height: 20px;\"><strong>Nr. 20 &#8211; 27.09.2025 &#8211; 15:40 Uhr &#8211; H0 Amtshilfe&nbsp;<\/strong><\/td>\n<\/tr>\n<tr style=\"height: 20px;\">\n<td style=\"width: 1068.57px; height: 20px;\"><strong>Nr. 21 &#8211; 21.10.2025 &#8211; 02:47 Uhr &#8211; H1 T\u00fcrnot\u00f6ffnung &#8211; Im Harpel<\/strong><\/td>\n<\/tr>\n<tr style=\"height: 20px;\">\n<td style=\"width: 1068.57px; height: 20px;\"><strong>Nr. 22 &#8211; 03.11.2025 &#8211; 17:35 Uhr &#8211; B3 Geb\u00e4ude unklare Rauchentwicklung &#8211; \u00dcberlandhilfe Aach<\/strong><\/td>\n<\/tr>\n<tr style=\"height: 20px;\">\n<td style=\"width: 1068.57px; height: 20px;\"><strong>Nr. 23 &#8211; 19.11.2025 &#8211; 18:28 Uhr &#8211; G1 \u00d6lspur innerorts &#8211; Im B\u00e4renloh<\/strong><\/td>\n<\/tr>\n<tr style=\"height: 20px;\">\n<td style=\"width: 1068.57px; height: 20px;\"><strong>Nr. 24 &#8211; 24.11.2025 &#8211; 11:36 Uhr &#8211; BMA1 Haushaltsrauchmelder &#8211; Im Obstgarten<\/strong><\/td>\n<\/tr>\n<tr style=\"height: 20px;\">\n<td style=\"width: 1068.57px; height: 20px;\"><strong>Nr. 25 &#8211; 27.11.2025 &#8211; 19:31 Uhr &#8211; G1 \u00d6lspur innerorts &#8211; Hauptstra\u00dfe<br><\/strong><\/td>\n<\/tr>\n<tr>\n<td style=\"width: 1068.57px;\"><strong>Nr. 26 &#8211; 20.12.2025 &#8211; 18:49 Uhr &#8211; BMA1 Haushaltsrauchmelder &#8211; Hauptstra\u00dfe<\/strong><\/td>\n<\/tr>\n<tr>\n<td style=\"width: 1068.57px;\"><strong>Nr. 27 &#8211; 26.12.2025 &#8211; 22:23 Uhr &#8211; URD2 (Unterst\u00fctzung Rettungsdienst) Personenrettung &#8211; Schillerstra\u00dfe<\/strong><\/td>\n<\/tr>\n<tr>\n<td style=\"width: 1068.57px;\"><strong>Nr. 28 &#8211; 31.12.2025 &#8211; 23:54 Uhr &#8211; B0 Erkundung &#8211; Hauptstra\u00dfe<\/strong><\/td>\n<\/tr>\n<\/tbody>\n<\/table>\n<p>&nbsp;<\/p>\n\n\n","protected":false},"excerpt":{"rendered":"<p>Nr. 01 &#8211; 10.02.2025 &#8211; 19:24 Uhr &#8211; G1 \u00d6lspur &#8211; Kastanienweg Nr. 02 &#8211; 24.03.2025 &#8211; 19:20 Uhr &#8211; B3 Kaminbrand &#8211; Lindenweg Nr. 03 &#8211; 12.04.2025 &#8211; 14:29 Uhr &#8211; B2 Schuppen&#46;&#46;&#46;<\/p>\n","protected":false},"author":2,"featured_media":0,"parent":828,"menu_order":1,"comment_status":"closed","ping_status":"closed","template":"","meta":{"ngg_post_thumbnail":0,"footnotes":""},"class_list":["post-2099","page","type-page","status-publish","hentry"],"_links":{"self":[{"href":"https:\/\/www.ffw-volkertshausen.de\/index.php?rest_route=\/wp\/v2\/pages\/2099","targetHints":{"allow":["GET"]}}],"collection":[{"href":"https:\/\/www.ffw-volkertshausen.de\/index.php?rest_route=\/wp\/v2\/pages"}],"about":[{"href":"https:\/\/www.ffw-volkertshausen.de\/index.php?rest_route=\/wp\/v2\/types\/page"}],"author":[{"embeddable":true,"href":"https:\/\/www.ffw-volkertshausen.de\/index.php?rest_route=\/wp\/v2\/users\/2"}],"replies":[{"embeddable":true,"href":"https:\/\/www.ffw-volkertshausen.de\/index.php?rest_route=%2Fwp%2Fv2%2Fcomments&post=2099"}],"version-history":[{"count":19,"href":"https:\/\/www.ffw-volkertshausen.de\/index.php?rest_route=\/wp\/v2\/pages\/2099\/revisions"}],"predecessor-version":[{"id":2165,"href":"https:\/\/www.ffw-volkertshausen.de\/index.php?rest_route=\/wp\/v2\/pages\/2099\/revisions\/2165"}],"up":[{"embeddable":true,"href":"https:\/\/www.ffw-volkertshausen.de\/index.php?rest_route=\/wp\/v2\/pages\/828"}],"wp:attachment":[{"href":"https:\/\/www.ffw-volkertshausen.de\/index.php?rest_route=%2Fwp%2Fv2%2Fmedia&parent=2099"}],"curies":[{"name":"wp","href":"https:\/\/api.w.org\/{rel}","templated":true}]}}