{"id":1955,"date":"2021-11-20T10:56:30","date_gmt":"2021-11-20T09:56:30","guid":{"rendered":"http:\/\/www.ffw-volkertshausen.de\/?page_id=1955"},"modified":"2021-11-20T10:59:17","modified_gmt":"2021-11-20T09:59:17","slug":"20-11-2021-vu-muehlhauserstr","status":"publish","type":"page","link":"https:\/\/www.ffw-volkertshausen.de\/?page_id=1955","title":{"rendered":"20.11.2021 VU M\u00fchlhauserstr."},"content":{"rendered":"\n<p><a href=\"https:\/\/www.ffw-volkertshausen.de\/?page_id=1835\">zur\u00fcck<\/a><\/p>\n<p style=\"text-align: left;\"><strong>Pressemitteilung<\/strong><\/p>\n<p style=\"text-align: left;\">Alarmierungszeit:&nbsp; 06:56 Uhr<\/p>\n<p>Einsatzort: M\u00fchlhauserstr.<\/p>\n<p>Alarmierungsstichwort: Verkehrsunfall 3 Personen in PKW eingeklemmt, PKW qualmt<\/p>\n<p>Vorgefundene Lage \/ Ma\u00dfnahmen \/ T\u00e4tigkeiten:&nbsp;<\/p>\n<p>Am Samstagmorgen wurde die Wehr zu einem Verkehrsunfall mit 3 eingeklemmten Personen alarmiert. Gl\u00fccklicherweise konnten sich die Fahrzeuginsassen selbstst\u00e4ndig aus dem Fahrzeug befreien und ein Einsatz der Feuerwehr war nicht erforderlich. Die ebenfalls alarmierte \u00dcberlandhilfe aus Singen konnte die Einsatzfahrt abbrechen.&nbsp;<\/p>\n<p>Eingesetzte Kr\u00e4fte Feuerwehr Volkertshausen:&nbsp;<br>13 vor Ort, 8 in Bereitstellung&nbsp;<\/p>\n<p>Eingesetzte Fahrzeuge:&nbsp;<\/p>\n<p><a href=\"https:\/\/www.ffw-volkertshausen.de\/?page_id=271\">1-19\/1<\/a>, <a href=\"https:\/\/www.ffw-volkertshausen.de\/?page_id=839\">HLF 10<\/a><\/p>\n<p>Einsatzdauer:&nbsp;<br>1 Stunde&nbsp;<\/p>\n<p>Mit vor Ort:&nbsp;<\/p>\n<p>Polizei, Kreisbrandmeister, Rettungsdienst<\/p>\nngg_shortcode_0_placeholder\n","protected":false},"excerpt":{"rendered":"<p>zur\u00fcck Pressemitteilung Alarmierungszeit:&nbsp; 06:56 Uhr Einsatzort: M\u00fchlhauserstr. Alarmierungsstichwort: Verkehrsunfall 3 Personen in PKW eingeklemmt, PKW qualmt Vorgefundene Lage \/ Ma\u00dfnahmen \/ T\u00e4tigkeiten:&nbsp; Am Samstagmorgen wurde die Wehr zu einem Verkehrsunfall mit 3 eingeklemmten Personen&#46;&#46;&#46;<\/p>\n","protected":false},"author":2,"featured_media":0,"parent":1835,"menu_order":1,"comment_status":"closed","ping_status":"closed","template":"","meta":{"ngg_post_thumbnail":0,"footnotes":""},"class_list":["post-1955","page","type-page","status-publish","hentry"],"_links":{"self":[{"href":"https:\/\/www.ffw-volkertshausen.de\/index.php?rest_route=\/wp\/v2\/pages\/1955","targetHints":{"allow":["GET"]}}],"collection":[{"href":"https:\/\/www.ffw-volkertshausen.de\/index.php?rest_route=\/wp\/v2\/pages"}],"about":[{"href":"https:\/\/www.ffw-volkertshausen.de\/index.php?rest_route=\/wp\/v2\/types\/page"}],"author":[{"embeddable":true,"href":"https:\/\/www.ffw-volkertshausen.de\/index.php?rest_route=\/wp\/v2\/users\/2"}],"replies":[{"embeddable":true,"href":"https:\/\/www.ffw-volkertshausen.de\/index.php?rest_route=%2Fwp%2Fv2%2Fcomments&post=1955"}],"version-history":[{"count":2,"href":"https:\/\/www.ffw-volkertshausen.de\/index.php?rest_route=\/wp\/v2\/pages\/1955\/revisions"}],"predecessor-version":[{"id":1962,"href":"https:\/\/www.ffw-volkertshausen.de\/index.php?rest_route=\/wp\/v2\/pages\/1955\/revisions\/1962"}],"up":[{"embeddable":true,"href":"https:\/\/www.ffw-volkertshausen.de\/index.php?rest_route=\/wp\/v2\/pages\/1835"}],"wp:attachment":[{"href":"https:\/\/www.ffw-volkertshausen.de\/index.php?rest_route=%2Fwp%2Fv2%2Fmedia&parent=1955"}],"curies":[{"name":"wp","href":"https:\/\/api.w.org\/{rel}","templated":true}]}}