{"id":1505,"date":"2018-05-01T21:36:45","date_gmt":"2018-05-01T19:36:45","guid":{"rendered":"http:\/\/www.ffw-volkertshausen.de\/?page_id=1505"},"modified":"2018-05-01T21:38:11","modified_gmt":"2018-05-01T19:38:11","slug":"30-04-2018-heckenbrand","status":"publish","type":"page","link":"https:\/\/www.ffw-volkertshausen.de\/?page_id=1505","title":{"rendered":"30.04.2018 &#8211; Buschbrand"},"content":{"rendered":"<p><a href=\"https:\/\/www.ffw-volkertshausen.de\/?page_id=1016\">zur\u00fcck<\/a><\/p>\n<p><strong>Pressemitteilung<\/strong><\/p>\n<p>Alarmierungszeit:<\/p>\n<p>16:31<\/p>\n<p>Einsatzort:<\/p>\n<p>Volkertshausen, M\u00fchlenstra\u00dfe<\/p>\n<p>Alarmierungsstichwort:<\/p>\n<p>Buschbrand<\/p>\n<p>Vorgefundene Lage \/ Ma\u00dfnahmen \/ T\u00e4tigkeiten:<\/p>\n<p>Die Feuerwehr Volkertshausen wurde am Montagnachmittag zu einem Buschbrand alarmiert. Vor Ort wurde brennendes Gestr\u00fcpp mittels des Schnellangriffes abgel\u00f6scht.<\/p>\n<p>Eingesetzte Kr\u00e4fte Feuerwehr Volkertshausen:&nbsp;<br \/>\n6 vor Ort, 11&nbsp; in Bereitstellung&nbsp;<\/p>\n<p>Eingesetzte Fahrzeuge:&nbsp;<\/p>\n<p><a href=\"https:\/\/www.ffw-volkertshausen.de\/?page_id=839\">HLF 10<\/a><\/p>\n<p>Einsatzdauer:&nbsp;<br \/>\n30 Minuten<\/p>\n<p>Mit vor Ort:&nbsp;<\/p>\n<p>Polizei<\/p>\nngg_shortcode_0_placeholder\n","protected":false},"excerpt":{"rendered":"<p>zur\u00fcck Pressemitteilung Alarmierungszeit: 16:31 Einsatzort: Volkertshausen, M\u00fchlenstra\u00dfe Alarmierungsstichwort: Buschbrand Vorgefundene Lage \/ Ma\u00dfnahmen \/ T\u00e4tigkeiten: Die Feuerwehr Volkertshausen wurde am Montagnachmittag zu einem Buschbrand alarmiert. Vor Ort wurde brennendes Gestr\u00fcpp mittels des Schnellangriffes abgel\u00f6scht.&#46;&#46;&#46;<\/p>\n","protected":false},"author":2,"featured_media":0,"parent":1016,"menu_order":0,"comment_status":"closed","ping_status":"closed","template":"","meta":{"ngg_post_thumbnail":0,"footnotes":""},"class_list":["post-1505","page","type-page","status-publish","hentry"],"_links":{"self":[{"href":"https:\/\/www.ffw-volkertshausen.de\/index.php?rest_route=\/wp\/v2\/pages\/1505","targetHints":{"allow":["GET"]}}],"collection":[{"href":"https:\/\/www.ffw-volkertshausen.de\/index.php?rest_route=\/wp\/v2\/pages"}],"about":[{"href":"https:\/\/www.ffw-volkertshausen.de\/index.php?rest_route=\/wp\/v2\/types\/page"}],"author":[{"embeddable":true,"href":"https:\/\/www.ffw-volkertshausen.de\/index.php?rest_route=\/wp\/v2\/users\/2"}],"replies":[{"embeddable":true,"href":"https:\/\/www.ffw-volkertshausen.de\/index.php?rest_route=%2Fwp%2Fv2%2Fcomments&post=1505"}],"version-history":[{"count":4,"href":"https:\/\/www.ffw-volkertshausen.de\/index.php?rest_route=\/wp\/v2\/pages\/1505\/revisions"}],"predecessor-version":[{"id":1530,"href":"https:\/\/www.ffw-volkertshausen.de\/index.php?rest_route=\/wp\/v2\/pages\/1505\/revisions\/1530"}],"up":[{"embeddable":true,"href":"https:\/\/www.ffw-volkertshausen.de\/index.php?rest_route=\/wp\/v2\/pages\/1016"}],"wp:attachment":[{"href":"https:\/\/www.ffw-volkertshausen.de\/index.php?rest_route=%2Fwp%2Fv2%2Fmedia&parent=1505"}],"curies":[{"name":"wp","href":"https:\/\/api.w.org\/{rel}","templated":true}]}}